 53. Let m(v) = -11*b(v) + 6*g(v). Is m(12) composite?
False
Suppose 8*z - 60 = 4. Is (12/z - 3)*(-11588)/6 composite?
False
Let b(t) = 2*t**2 + 23*t - 14. Let c be b(-12). Is (-18947)/((0 + c)*3/6) a prime number?
True
Suppose -l = 2*a - 22, -34*l = -39*l + 5*a + 80. Is ((-1343)/(-2))/(-2 + 45/l) a composite number?
True
Let a(r) = -6270*r**3 + r**2 + 4*r - 4. Let b be a(1). Is 4/(-7) + b/(-7) composite?
True
Let h = -26 + 36. Suppose 2*f - 2*k = -f - h, 4*k - 18 = 5*f. Is f/(-13) + 27088/26 a prime number?
False
Let g(s) = s**2 + 8*s + 4. Let k be g(-8). Suppose -5*u + 33 = -f, 2*f + 3*u - 31 = k*f. Is 31320/32 + (-2)/f composite?
True
Suppose -3*n = 4*d - 224157, -14*n + 13*n = -4*d + 224145. Is d a composite number?
True
Let s = 2222 - 3276. Let c = 1821 + s. Is c prime?
False
Let z(w) = -88*w - 3. Let c be z(1). Let x be c/(-26) - (-1)/(-2). Is 4668/x + (1 - 4) a composite number?
False
Is ((-7 + 8)*216148)/4 prime?
True
Let j(p) = -p. Let w = 5 + -6. Let s be j(w). Is s + 30/(-24) + (-1205)/(-4) composite?
True
Let b = 143 + -43. Suppose -8*z - b + 3444 = 0. Is z + 1 + 1 - (-4)/(-4) prime?
True
Suppose 67*k = 62*k + 26370. Is k/(-27)*1/(3/(-9)) composite?
True
Let h(d) = 1771*d**2 + 513*d + 4039. Is h(-8) a composite number?
False
Suppose -1399978 = -4*t + 2*v, -7*v + 10*v + 699979 = 2*t. Is t composite?
True
Let s = 10 - 6. Suppose 13*u = 9*u - s. Is 799*((-2)/(2 + u) - -3) a composite number?
True
Let u(x) = -967*x + 2042. Is u(-17) composite?
False
Let w(x) = -6425*x - 2264. Is w(-3) a composite number?
False
Let l = 1402 - 328. Is (l/(-9))/((-15)/((-4995)/(-6))) composite?
True
Suppose 12*a = 8*a - 212. Let m = a + 55. Suppose -j - 2069 = -4*n, -2*n + m*j = 243 - 1279. Is n prime?
False
Let f = 372588 + -156835. Is f a composite number?
False
Suppose -11*c = 5 + 94. Let m(n) = 98*n - 3. Let y be m(c). Is (4/(-6))/(2/y) composite?
True
Suppose -3*z + 66938 - 7412 + 7503 = 0. Is z a prime number?
True
Suppose -5314356 = -66*n - 1354422. Is n prime?
True
Suppose -197*k + 222*k - 7723075 = 0. Is k composite?
False
Let p(g) = 10*g + 60. Let v be p(-5). Suppose 0*a = -v*a + 45670. Is a a prime number?
True
Suppose 0 = -13*u - 2*g + 219181, -13*u - 5*g + 33753 = -11*u. Is u prime?
False
Let q be (-1)/(2/(-38984)) - (63 + -65). Is (-2)/((-12)/q) - -2 a prime number?
True
Let a = -96 + 98. Suppose 5*f - b + 1149 = 0, -a*b + 7*b = -5. Let i = -85 - f. Is i a composite number?
True
Let c = 47 + -45. Suppose -4*t - 17505 = -5*n, 0 = -3*n - 3*t - c*t + 10540. Is n a composite number?
True
Is 7 - 108/16 - (-13516629)/28 a prime number?
False
Let z(v) = -2*v**3 + 24*v**2 + 195*v - 171. Is z(-28) composite?
False
Suppose -51*u = -34*u - 211565. Suppose -2*w + u = 17*w. Is w prime?
False
Is ((-1)/2*(9 - 98719))/1 a composite number?
True
Let c(o) = 170*o**2 - 95*o + 1297. Is c(14) a prime number?
True
Let j(t) = t**3 - 11*t**2 - 6. Let f = -39 - -50. Let r be j(f). Is (r/3)/4*-3202*1 prime?
True
Let v = 8699 - -61944. Is v composite?
True
Let y(x) = -x**3 + 40*x**2 + 186*x + 75. Is y(-34) composite?
True
Let w = 58 + -220. Let u be (3 - 15)/(4/w). Let o = u + -193. Is o prime?
True
Suppose -4*g + 1408749 = 5*n, 29*g = -4*n + 26*g + 1127000. Is n composite?
True
Let b = -55 + 72. Suppose -4*p - p = 4*v - b, -4*p = -v - 1. Suppose v*i - 312 = 111. Is i composite?
True
Let t be 1/(-5) - (-249)/(-5). Let o = t - -763. Suppose 3*y - o + 3830 = 3*f, 0 = 3*y. Is f composite?
False
Let x(c) = -79*c + 38*c**2 + 3*c**3 - 61 + 5*c**3 - 7*c**3 + 24*c. Is x(-39) composite?
False
Let k(u) = 112*u**2 - 29*u - 632. Is k(-13) composite?
True
Let m(x) = -x**3 + 5*x**2 - 4*x + 1. Let r be m(4). Let w be (2 - 1)*r*4. Suppose 8 = 4*l, 2*n - 4202 = w*l - 6*l. Is n prime?
True
Let s = -2 + 4. Let c(v) be the third derivative of 13*v**6/40 - v**5/20 + 5*v**4/24 - v**3/2 - 1427*v**2. Is c(s) a prime number?
True
Let s be (6/9)/((-2)/(-9)). Let c(k) = -k**2 - k. Let x(p) = 23*p**2 - 11*p + 25. Let i(g) = s*c(g) + x(g). Is i(13) composite?
True
Let x(f) = 1865*f + 9. Let o be x(7). Suppose 9*s + 40253 = 2*s + 108972. Suppose 4*a - o = -5*y, 4*y = -3*a + 5*y + s. Is a prime?
True
Suppose 14*w - 6*w - 104344 = 0. Is w a prime number?
True
Let k(z) = -z**2 + 2*z + 3. Let a be k(3). Suppose -72 = -a*x - 9*x. Let s(d) = 7*d + 29. Is s(x) a composite number?
True
Suppose 0 = 5*r - 4*w - 188821, 134745 = 5*r - 5*w - 54070. Is r composite?
True
Let n(a) = -a**3 + 11*a**2 - a + 13. Let x be n(11). Let h(j) = j - 7. Let k be h(x). Let q(r) = 37*r**2 + 7*r + 21. Is q(k) a composite number?
False
Let u = -14983 - -56342. Is u a composite number?
True
Suppose 12*z - 10 = -2*f + 14*z, 21 = f - 5*z. Is f*-4 + 3*(-6873)/(-9) composite?
False
Suppose -10*g = 2*y - 6*g - 178098, 2*g + 356156 = 4*y. Is y a prime number?
True
Suppose 3*b - 143145 = -2*d, -4*d = b - 175608 - 110707. Suppose -243395 = -35*r - d. Is r a composite number?
False
Let m be (-7843)/31 - (1 - 4/2). Is ((-37956)/(-16)*1)/((-27)/m) composite?
True
Let r(a) = 479*a**3 + 4*a**2 + 5*a + 7. Is r(5) a prime number?
False
Let p = -211289 - -622108. Is p a composite number?
False
Let o(f) be the second derivative of -1/2*f**2 + 0 + 16/3*f**4 - 2/3*f**3 + 5*f. Is o(-6) a prime number?
False
Let u = 1002 - -1727. Let w = u - 930. Is w prime?
False
Is 102/2040 + 21/(-20) - (-87359 + -1) prime?
True
Suppose z - 250 = -244. Is (26/39)/(z/83943) prime?
False
Suppose 5*d = 4*j + 653613, -999*d + 996*d - 3*j + 392211 = 0. Is d prime?
True
Let t = -70143 - -163220. Is t composite?
False
Suppose -6*v - v - 511842 = -5*j, 5*j = -5*v + 511830. Is j a composite number?
False
Let u be 4/(-14)*(-21 + 10 + -3). Let h = 3110 - 1833. Suppose u*y = 2*n - 530, -2*n = -7*n - 2*y + h. Is n a composite number?
False
Let j(n) be the second derivative of -3352*n**3/3 + 3*n**2/2 + n + 25. Is j(-2) prime?
True
Suppose 44635 = 5*f + 4*h, f - 5*h = -6*h + 8928. Is f prime?
True
Let b(j) = -2*j**2 - 21*j - 8. Let s be b(-10). Suppose -3*y - s*y = -10. Suppose 3*v = p - 2*p + 979, 0 = -p - y*v + 979. Is p a composite number?
True
Suppose -4 = 2*d - 6. Let c be 5/4*(-9 + 4 + d). Is (-1435)/(-4) + c/(-20) a prime number?
True
Let b(a) = -270*a + 66. Let n be b(-3). Suppose 3*w - 3*y - 2940 = n, -1275 = -w + 4*y. Is w a composite number?
True
Let n(c) = 2*c + 34. Let u be n(-15). Suppose 7*k = 10 + u. Suppose 6*v = 4*v + d + 1738, k*v + 5*d - 1762 = 0. Is v a prime number?
False
Suppose -308 + 219 = -a. Suppose -p = 4, 3*p + a = f - 50. Is f composite?
False
Let q(m) = 88*m**2 + 20*m - 163. Is q(13) composite?
False
Let m(h) = -2*h**3 + 65*h**2 + 60*h - 21. Is m(20) prime?
False
Suppose 10390 = 3*n + 48955. Is (28/(-35))/((-1)/(n/(-6))) a prime number?
False
Is (-2*(-333563)/(-14))/(88/(-616)) composite?
False
Let j(n) = -764*n + 681. Is j(-94) a composite number?
False
Let f be -2*3/(-3) - -9. Let u(m) = -37*m**2 + 17*m + 7. Let z(r) = -18*r**2 + 9*r + 4. Let c(v) = f*z(v) - 6*u(v). Is c(1) prime?
True
Is 248/372 + (-531602)/(-6) + 6 a prime number?
True
Let g(s) = 3*s**2 - 8*s + 5. Let t be g(3). Suppose 2313 = t*n + n. Is n prime?
True
Let b(f) = -7*f - 45. Let g be b(-6). Let q(r) = -r - 12. Let a be q(g). Let k(w) = -248*w - 11. Is k(a) prime?
True
Is 6694038/702 - 16/6 prime?
True
Let b(z) = -8805*z - 1157. Is b(-20) composite?
False
Let m(j) = 71*j**3 + 8*j**2 - 88*j - 199. Is m(18) a composite number?
True
Suppose 0 = 2*o + n - 72, -10*n + 5*n = -4*o + 130. Let t = o + 114. Is t a prime number?
True
Let a = -382 - 254. Let j = a + 1269. Is j prime?
False
Is ((-527346)/(-81)*3)/(6/9) a prime number?
True
Suppose 0*a - 119 = 17*a. Is (3 + 195/(-3)*2)*a prime?
False
Let w = 32172 + -20190. Suppose 5*b = w + 913. Is b prime?
True
Let j be -6*(-3)/(-30) + 316566/10. Suppose 5*o - j = 3809. Is o a composite number?
True
Let y be (-11329)/(-2)*(-33 - -35). Let u = -4815 + y. Is u a composite number?
True
Suppose 224*h + 115659939 = 843*h - 193958. Is h a composite number?
False
Let o = 60 + -47. Let p = o + 308. Let s = p - -500. Is s composite?
False
Let v(l) = -l**2 + 14*l - 11. Let q be v(13). Let x be (-4932)/30 - q/(-5). Let t = 47 - x. Is t composite?
False
Is (-1 - -3*(-5)/(-5)) + 110849*1 prime?
False
Suppose 0 = -3*w - 3*l + 510, -2*l - 864 = -5*w -